**2 - 51*d - 39. Let a(b) = -4*l(b) - 5*z(b). Calculate a(27).
-7
Let d(z) = z**2 + 103 - 6*z + 31*z - 2*z**3 - 25*z. Determine d(0).
103
Suppose 4*j - 25 + 69 = 2*i, -5*j = 2*i - 107. Let z(u) be the first derivative of 1/2*u**2 - 12*u + 1/3*u**3 + i. What is z(0)?
-12
Suppose -3*b - 3*s + 27 = 0, -10*b + 18 = -6*b - 5*s. Let w(h) = -h**3 + 8*h**2 - 9*h + 4. What is w(b)?
-10
Let j be 7 + -92 + 6 + -5. Let z be ((-14)/(-21))/(2*2/j). Let s(k) = k**2 + 15*k + 8. Calculate s(z).
-6
Let t be 1152/54 - 4/((-60)/(-35)). Let p(z) = -2*z**2 + 36*z + 23. Give p(t).
-15
Let s = -1503 + 1506. Let w(v) = v**2 + 9*v - 14. Calculate w(s).
22
Let n(h) = -h**3 + 7*h**2 - 4*h. Let f be -4 - -4 - (8/2 + -8). Determine n(f).
32
Let y(z) be the third derivative of 5/12*z**4 + 7/60*z**5 + z**2 + 40 + 7/6*z**3 + 1/120*z**6 + 0*z. Give y(-6).
-17
Let v = -18 + 22. Let z(w) = -v - 1 + 0*w**2 + 10*w + w**2 - 11*w. Let q(i) = 2*i**2 - 2*i - 10. Let h(b) = 4*q(b) - 9*z(b). Calculate h(4).
-7
Let s(h) = h**3 + h**2 - 6*h - 5. Let v = 4529 - 4527. What is s(v)?
-5
Let j = 215 + -217. Let k(n) = n**3 - n**2 + 3*n + 4. Let v(u) = -3*u**3 + 2*u**2 - 7*u - 9. Let b(i) = 5*k(i) + 2*v(i). Calculate b(j).
4
Let d(g) = 66901 + 2*g**2 - 36*g + 0*g**2 - g**2 - 66907 + g**2. Calculate d(18).
-6
Let r(z) = z + 4. Let a(v) = -2*v**2 - 36*v + 57. Let c(m) = 2*m**2 + 37*m - 58. Let o(w) = 6*a(w) + 7*c(w). Let l be o(-23). Determine r(l).
9
Let u(k) be the second derivative of -k**6/120 - k**5/60 + k**4/12 + k**3/3 - 25*k**2 + 14*k - 2. Let c(p) be the first derivative of u(p). Calculate c(3).
-28
Let s(k) = k**2 + 18*k - 5. Let a(m) = 2*m**2 + 19*m - 3. Let o(t) = -2*a(t) + 3*s(t). Give o(15).
6
Let f(p) = -15*p**2 - 45*p - 4. Let u(n) = 10*n**2 + 21*n + 2. Let i(b) = -3*f(b) - 5*u(b). Calculate i(6).
2
Let k(h) = -264*h - 168. Let a(r) = -39*r - 24. Let w(y) = 27*a(y) - 4*k(y). Determine w(-7).
3
Let p(j) = 120*j - 32. Let q be p(3). Let t = -325 + q. Let g(u) = -2*u + 2. Calculate g(t).
-4
Suppose 2268*g - 531 = 2209*g. Let n(a) = 2*a**2 - 17*a + 47. Give n(g).
56
Let f be ((-2)/15)/((-30)/1525) + 8/36. Let z(t) = -12*t + 107. What is z(f)?
23
Suppose 36*a - 46 + 162 + 64 = 0. Let i(v) be the third derivative of -v**4/8 - v**3/6 - 3*v**2. What is i(a)?
14
Let j(s) = -4*s**2 + 2*s - 10. Let l(b) = -4*b**3 - b**2 - 4*b - 3. Let y be l(-1). Let h(r) = 3*r**2 - 3*r + 9. Let k(t) = y*j(t) + 5*h(t). What is k(-8)?
-3
Let y(c) = 11*c**2 - 28*c - 2. Let f(o) = 53*o**2 - 138*o - 8. Let z(i) = -6*f(i) + 29*y(i). What is z(-17)?
7
Let o = 374 - 694. Let k = o + 328. Let i(v) = -v**3 + 7*v**2 + 7*v + 2. Determine i(k).
-6
Let n(j) be the third derivative of j**5/60 - 13*j**4/24 + 29*j**3/6 - j**2 - 283. Determine n(11).
7
Let d(t) = -t**3 + 8*t**2 + 2*t - 20. Let i = -3125 + 3133. What is d(i)?
-4
Let g(k) be the second derivative of -k**4/12 + 3*k**3 - 87*k**2/2 + 1788*k. Give g(9).
-6
Let r(v) = v**2 - 1597 + 3189 - 1593 - 2*v. Let g(x) = -7*x**2 - 11*x - 6. Let s(z) = g(z) - 4*r(z). What is s(-1)?
-10
Let k(m) = -m**2 - 4*m + 31. Let i be 21/2*780/(-910). Give k(i).
-14
Let m = 830 - 826. Let k(y) = 5*y - y - m + y - 5*y - 2*y. Give k(-7).
10
Let f(u) = 3*u + 36 - 25 + 0. Let k(i) = -i - 2. Let n(s) = -f(s) - 6*k(s). Let r(m) = -m**3 - m**2 + m - 3. Let q be r(0). Give n(q).
-8
Let b = 619 - 615. Let v(g) = 10*g - 8*g**2 + b*g**3 - 5*g**3 + 32 - 28. Determine v(-9).
-5
Let c(w) = 24*w**3 - 9 + 218*w + 4*w**2 - 112*w - 108*w - 23*w**3 + 0*w**2. Give c(4).
111
Let x(h) be the first derivative of h**3/3 + h**2 - h + 1514. Suppose 0 = b - 1 - 3. Suppose -3*v + 4*v = -b. What is x(v)?
7
Let m(d) = -d**3 - 7*d**2 + 2*d + 9. Let s = 118 + -78. Suppose 0 = 3*x + 61 - s. Determine m(x).
-5
Let c(t) = 244 - 600 + 357 - 30*t. What is c(1)?
-29
Suppose 2*i + 8 = -2*g - 8, -4*i = 8. Let a(t) = -65*t + 31*t + 12*t + 21*t - 9. Calculate a(g).
-3
Let g = -22 + 12. Let b(j) = 152*j + 2*j**2 - 143*j + 2*j**2 + 2*j**2 - 8 - 5*j**2. Determine b(g).
2
Suppose 4*s = -2*y + 52, 0 = -s + y + 4*y + 13. Let b be 18/120*-15*4/(-3). Suppose -b*h = -s*h - 90. Let x(q) = -q - 4. Calculate x(h).
5
Let q(j) = -333 - j**2 - j - 147 - 2*j**2 + 481 + 2*j. Let w(c) = 2*c - 3. Let o be w(5). Let t = 4 - o. Give q(t).
-29
Suppose 247*s + 16 = -2701. Let r(a) = 3*a + 57. Determine r(s).
24
Let s be 1 + 0 + -2 + (-510)/(-102). Let r(k) = -s*k - k**3 - 184*k**2 - 4 + 12*k + 186*k**2. What is r(5)?
-39
Suppose 64 = 4*l - 3*f, 3*l - 69 = -0*l - 3*f. Suppose 0 = l*n - 6*n + 104. Let j(y) = -y**2 - 6*y + 17. Give j(n).
1
Let m = -1784 - -1750. Let z(w) = 5*w + 173. Calculate z(m).
3
Let c(v) = -2. Let r(t) be the second derivative of t**3/2 + 3*t**2 - t. Suppose -66 = -611*n + 600*n. Let b(h) = n*c(h) + 2*r(h). Give b(1).
6
Suppose 18*v - 19 + 30 = 173. Let a(g) = -g**2 + 4*g + 41. Calculate a(v).
-4
Suppose -13 = -w - 474*u + 477*u, 4*u + 29 = -w. Let d(v) = v**3 + 7*v**2 + v. Determine d(w).
45
Let l(v) be the third derivative of v**5/60 - 3*v**4/8 - 7*v**3/3 - v**2 + 52*v. Suppose -3*q - 91 = -2*j, -73 = 5*q - 2*j + 76. Let m = -19 - q. Give l(m).
-4
Let y(w) = 36*w**3 + 31*w**2 - 65*w - 143. Let h(q) = -7*q**3 - q + 1. Let i(l) = -5*h(l) - y(l). Determine i(-33).
6
Let f(g) = 3*g**2 + 143*g - 6. Let z(m) = -2*m**2 - 90*m + 4. Let i(n) = 5*f(n) + 8*z(n). Suppose -4*t + 18 = 2*s, -2*s + 14 = 3*t - 0*s. What is i(t)?
-34
Let c(v) be the third derivative of -v**4/24 - 3*v**3/2 - 6*v**2. Suppose 3*z + 13*r + 42 = 22, -5*r - 28 = 3*z. Calculate c(z).
2
Let h(o) be the third derivative of -o**5/60 - o**4/8 + 1254*o**2 - o. Determine h(-1).
2
Let w(m) be the second derivative of m**4/12 + 4*m**3/3 + m**2 + 172*m. Let t(k) = k**2 + 9*k - 6. Let c be t(-9). What is w(c)?
-10
Let k = -243 + 245. Let r(q) = -q**3 + 4*q + 3 + 94*q**k - 99*q**2 + 4. Determine r(-6).
19
Let l(g) = -4*g**2 - 3*g - 1. Suppose 2*w = -4 + 20. Suppose 10 = -w*n + 3*n. Determine l(n).
-11
Let u(q) = 2*q**3 + 79*q**2 + 183*q - 69. Let o be u(-37). Let t(x) = -4*x - 2*x + 0*x**3 + x**3 + 2*x - 4*x**2 - 2. What is t(o)?
3
Let q(k) be the third derivative of -7/6*k**3 - 5*k**2 + 2 + 0*k - 1/8*k**4. Determine q(-9).
20
Let k = 10516 - 10521. Let z(j) be the first derivative of -j**4/4 - 5*j**3/3 + j**2 + 12*j - 2. What is z(k)?
2
Let x(f) = 35*f**2 + 38*f + 105. Let n(j) = 3*j**2 + 4*j - 1. Let p(v) = -12*n(v) + x(v). What is p(-17)?
-2
Suppose 26*h - 22 - 56 = 0. Let w be (-90)/6 - -5 - h. Let p(z) = -z**2 - 12*z + 19. Determine p(w).
6
Let c(d) = 15*d + 1. Suppose 3*s - 5*s - 3*q - 132 = 0, 3*s - 3*q = -168. Let n be s/8*(4 + 2). Let y = -46 - n. Determine c(y).
-14
Let o(u) = 2*u**3 - u**2 - 6*u + 6. Let t = 6236 - 6234. Give o(t).
6
Suppose 24 = 5*c - 21. Let f(i) = -c - 3*i + i + 6*i + 2*i. Suppose b = 5 + 1. Calculate f(b).
27
Let q(z) = 10*z - 215 + 58 + 55 + 54 + 59 - z**2. Determine q(11).
0
Let d(s) = s**3 + 7*s**2 + 2*s + 8. Let v = 62 - 57. Suppose -2*t + v = -4*z - 13, 4*t = -3*z + 14. Suppose 0 = -t*h + f - 34, h - 2 = 4*f - 5. Calculate d(h).
-6
Let r(b) = -3*b - 3. Let g(i) = -6*i - 7. Let z = -161 + 165. Let o(h) = z*g(h) - 9*r(h). Give o(-8).
-25
Let x(k) = -k**2 + k - 4. Let a = 37 - 28. Let g(f) = f**2 - 7*f - 6. Let z be g(a). Let r be z/(-24) + 1/2. Give x(r).
-4
Let v(z) = -5*z**2 + 8*z + 5. Let m(y) = 29*y**2 - 41*y - 25. Let o(i) = -2*m(i) - 11*v(i). Calculate o(-3).
-14
Let h = -81 - -79. Let o(l) = 5*l**2 + 3*l - 4. Let b(i) = -19*i**2 - 9*i + 13. Let u(a) = h*b(a) - 7*o(a). Determine u(1).
2
Let x(u) = 26*u + 18. Let y(p) = 19*p + 12. Let j(s) = -11*x(s) + 15*y(s). Suppose f + 48 = -4*i - i, 38 = -4*i - f. Give j(i).
-8
Let j(w) = w**2 - 20 + 4*w**2 - 20 + 12*w + 5 - 6*w**2. What is j(10)?
-15
Let y(n) = -2*n + 3. Let x(k) = -k + 2. Let u be (-6)/(-4) - 27/6. Let f be 11/22 - (63/(-6))/7. Let h(i) = f*y(i) + u*x(i). Give h(-5).
5
Let m = 1765 + -1760. Let a(b) = -b**3 + 7*b**2 - 15*b + 28. Determine a(m).
3
Let r be 30/435 + (858/174 - 2). Let q(u) be the second derivative of 25*u + 0 - 1/2*u**2 + 2/3*u**r. Calculate q(1).
3
Let m(t) = 13*t**2 + 166*t + 4. Let g(j) = 5*j**2 + 68*j + 2. Let n(z) = -5*g(z) + 2*m(z). Calculate n(6).
-14
Let j(i) = -i**2 - 6*i - 6. Let z = 18 - 41. Let w = 416 + -434. Let d = z - w. What is j(d)?
-1
Let a be (-9